k(d) = -3*d**3 + 7*d**2 + 8*d - 11. Let o(g) = -2*i(g) - k(g). Let y be o(6). List the prime factors of 2/(-1 - (y + 1)).
2
Let j(x) = 5*x + 6. Suppose -2*c + 8 = -2*f - c, c - 4 = f. Let w be j(f). What are the prime factors of (-2)/(-1) - 1*w?
2
Let k(p) = 6*p**3 + 3*p**2 + 5*p. What are the prime factors of k(3)?
2, 3, 17
Let h be 3/15 - (-178)/10. Let g = h - 7. What are the prime factors of g?
11
Let n(p) = -2*p + 5. Let h be n(-8). What are the prime factors of (-4)/(-14) - (-645)/h?
31
List the prime factors of (2 - 6) + 0 + 352.
2, 3, 29
Let c(l) = 11*l**2 - 7*l - 2. What are the prime factors of c(-3)?
2, 59
Let u(n) = 3*n + 1. Let p(f) = 3*f + 1. Let j(o) = 5*p(o) - 4*u(o). List the prime factors of j(1).
2
Let j = 0 - -28. What are the prime factors of j?
2, 7
Let c(n) = -n - 2. Let h be c(0). List the prime factors of 2 - 0 - (h - 1).
5
Let n(r) = r**3 + 5*r**2 - 7*r - 3. Let g be 3/(-6) - (-33)/(-6). List the prime factors of n(g).
3
Let b(y) = y**2 - 7*y - 12. Let f be b(9). What are the prime factors of 5/(15/f) - -3?
5
Suppose k - 5*k - 16 = 0. Let c be (k/(-6))/((-6)/(-27)). Suppose -c*w + 25 = -4*z, 0 = w + 2*z - 3 - 12. What are the prime factors of w?
11
Suppose -n = -4*c + 6*c - 23, n + 49 = 4*c. Suppose 2*m - 20 = -4*x, -2*x = 2*x + c. What are the prime factors of m?
2
Suppose 3*y - 21 = -3*g, 0*g + 4 = g + 4*y. Suppose 3 = h + g. Let j = 6 - h. List the prime factors of j.
11
Let f = -11 + 28. What are the prime factors of f?
17
Let t(a) = -4*a**3 - 2*a**2 - 3*a - 5. List the prime factors of t(-2).
5
Let j(g) be the third derivative of g**6/120 - g**5/12 - 5*g**4/24 - 4*g**3/3 - 2*g**2. Let u be j(6). List the prime factors of (-42)/(-9) - u/6.
5
Let z(c) = 3*c - 6. Suppose 3*i - 3 = -2*u - 2, u + 4 = 0. Suppose 0*b + 18 = i*b. List the prime factors of z(b).
2, 3
Let g(v) = v + 1 - 1 + 4 + 3. What are the prime factors of g(-4)?
3
What are the prime factors of (-195)/(-90) - (7/(-6))/(-7)?
2
Let v be (2/(-5))/((-3)/60). Suppose -v = -w - w. List the prime factors of w.
2
Let y = -10 - -11. Suppose v = 3*v. Suppose -k + 4 + y = v. List the prime factors of k.
5
Suppose 3*n = 11*n - 1824. List the prime factors of n.
2, 3, 19
Suppose -3*q - 12 = -5*q. Let z(x) = x**2 - 5*x + 9. Let k be z(q). Let h = 33 - k. What are the prime factors of h?
2, 3
Let p(d) = d**3 + 5*d**2 + d + 4. Let l be p(-5). Let z = l + 5. Suppose y - 31 = -b - 2*b, 0 = 2*b - z*y - 16. List the prime factors of b.
2, 5
Let s(j) = -j**3 + 19*j**2 + 7*j + 6. What are the prime factors of s(19)?
139
Let d(g) = -g + 2. Let n be d(-2). What are the prime factors of 46/n - 12/(-8)?
13
Suppose -2*a = -3*a. Suppose 0 = 3*z - a*z - 39. What are the prime factors of z?
13
Let j be (-30)/(-1) - (2 - 4). Let c = j - 17. What are the prime factors of c?
3, 5
Suppose 100 = 5*p - 2*h, -3*p + 3*h - 21 = -5*p. List the prime factors of p.
2, 3
Let k = -23 - -33. What are the prime factors of k?
2, 5
Let c = 5 - -1. What are the prime factors of c/(-8) - 815/(-20)?
2, 5
Suppose 8*w - 26 = 70. What are the prime factors of w?
2, 3
Let s = 3 - 6. List the prime factors of ((-1)/s)/(4/24).
2
Let w be (0 - 4/(-8))*38. Suppose -k + 3*f - 3 = -w, -k - 8 = 5*f. List the prime factors of k.
7
Let c(m) = m + 10. Suppose 4*u - 3*t - 3 = 20, 3*u = 5*t + 20. What are the prime factors of c(u)?
3, 5
List the prime factors of (2/(-6))/(2/(-84)).
2, 7
Let s(c) = 4*c**3 - c**2 - 2*c - 1. Let a be s(-1). Let g(q) = -2*q + 3. Let l be g(2). Let i = l - a. What are the prime factors of i?
3
Let x = -6 - 39. Let q = -22 - x. List the prime factors of q.
23
Let i(n) = 10 - n**2 - 6 + 3 + 5*n + 0*n. What are the prime factors of i(5)?
7
Suppose 0 = 4*y - 5*i - 16, 0*y - 3*y + i = -12. Suppose -y*u = -u - 30. What are the prime factors of 3 + -2 + 2 + u?
13
What are the prime factors of ((-20 - 0)/(-4))/1?
5
Let b(l) = -l**2 + 4*l - 1. Suppose 2*d + 15 = 7*d. List the prime factors of b(d).
2
Let j = 11 + -5. Let a(m) be the first derivative of -m**4/4 + 7*m**3/3 - 5*m**2/2 + 3*m + 1. List the prime factors of a(j).
3
Let f = -412 + 599. List the prime factors of f.
11, 17
Let c(r) = -r**2 + 8*r + 2. Let j be c(9). Let l = j - -13. Suppose 18 = 2*a - 0*n - n, -l = -a + 2*n. What are the prime factors of a?
2, 5
Suppose 0 = 5*w - 4*t - 33, 5*t - 4 - 1 = -3*w. Suppose 10*u - 140 = w*u. What are the prime factors of u?
2, 7
Let d be (-52)/(-8) - (-3)/(-6). Suppose 0 = -2*z + 4, -3*l - 15 = -d*l - 3*z. What are the prime factors of l?
3
Let q(v) = v**2 - 8*v - 5. Let j(w) = w**2 - w + 3. Let h be j(3). Let y be q(h). Suppose -17 = -y*t + 11. What are the prime factors of t?
7
Suppose -3*l - 21 = 3*z, -2*l + 30 = -5*z + 9. Let x be (-249)/(-9) + l/3. List the prime factors of (8/6)/(3/x).
2, 3
Suppose -5*v = -m - 10*v + 13, 5*m - 143 = v. List the prime factors of m.
2, 7
Let v(t) be the first derivative of t**3/3 - 4*t**2 + 2. What are the prime factors of v(10)?
2, 5
Let u(d) = -d**3 + 5*d**2 + 5*d + 8. Let a be u(6). Suppose -5*m + 51 = 4*k, k + 15 = a*k + 2*m. What are the prime factors of k?
3
Suppose 4*i + 16 = 0, 664 = -2*q + 4*q - 2*i. What are the prime factors of q?
2, 41
Let x(r) = r**3 - 2*r**2 + r + 1. Let m be x(3). Suppose 2*s + m = 3*s. List the prime factors of s.
13
Let p = -5 + 7. Let t(s) = 0*s**2 - s - 5*s**2 + s**3 + 3*s**p. What are the prime factors of t(3)?
2, 3
Suppose 7*i - 2*i = u + 7, -u = -i - 1. Let y(v) = -u*v + 4 - 5 - 3. What are the prime factors of y(-3)?
5
Suppose 3*h - 2 - 4 = 0. List the prime factors of 39 + (1 - (-3 + h)).
41
Let z(n) = n**2 - 2*n + 6. Let c = 5 - 1. What are the prime factors of z(c)?
2, 7
Let b be (6 + 0)*2/(-4). Let s(i) = 6*i**2 - 5*i - 2. Let l be s(b). Suppose 0*z - z = 4*k - l, z + 5 = 0. What are the prime factors of k?
2, 3
Suppose 2*x + 0 = 20. Suppose 3*p = 5 + x. List the prime factors of p.
5
Suppose 0 = 2*o + 4*o - 666. List the prime factors of o.
3, 37
Let o(r) = r**2 - 4*r. Suppose 4*h = h + 21. Let q be o(h). Suppose -2*z + q = 3*k + z, -4*z = 0. List the prime factors of k.
7
Suppose 6*h - 450 = h. Suppose h = y + 2*y. List the prime factors of y.
2, 3, 5
Let y be (-1)/((2/(-6))/1). Suppose a + 6 + 3 = -y*s, a + 1 = s. Let o = s + 6. What are the prime factors of o?
2
Let l(c) = c**3 - 2*c**2 + 1. Let y be l(1). Suppose y = -2*g + 24 - 0. List the prime factors of g.
2, 3
Suppose -q + 8 = -n + 3*q, 24 = -3*n + 3*q. Let w = 14 - n. What are the prime factors of w?
2, 11
Suppose -3*f - 34 = -2*f + r, -166 = 5*f + 4*r. What are the prime factors of 214/10 + 12/f?
3, 7
Suppose 3*h - 9 = 5*c - 2*c, -5*c + 65 = 5*h. Suppose -2*l + 15 + 29 = 5*w, 2*w = -4*l + h. What are the prime factors of w?
2, 5
Suppose -8*q + 3146 = 3*q. What are the prime factors of q?
2, 11, 13
List the prime factors of (3/(-2) - -1)/(7/(-938)).
67
Suppose 0 = -2*m + 6*m - 8. Let r = 0 + m. What are the prime factors of r + (5 - 0 - 1)?
2, 3
Let x(z) = z**3 - 3*z**2 - 2*z + 6. Let i = -49 + 85. Suppose -3*m + 8 - 1 = -k, 4*k = -4*m + i. List the prime factors of x(m).
2, 7
Suppose -9*x - 196 = -11*x. What are the prime factors of x?
2, 7
Let y(d) = d**3 - 2. Let v(r) = r**3 + r**2 - r + 2. Let b be v(-2). Let f be y(b). List the prime factors of 3*(-2)/(f/3).
3
Let r(p) = 4*p**3 - p. Let w be r(1). Suppose -4*j - w = -7. Let s = 6 - j. List the prime factors of s.
5
Let t = -5 - -10. Let v(c) = c**3 - c**2 + 2. Let p be v(0). Suppose -t*q - p = -17. List the prime factors of q.
3
Suppose -5*c + 225 = -j + 18, -3*c = -3*j - 129. List the prime factors of c.
41
Suppose 2*v - 21 = 3. Let c = -1 + v. What are the prime factors of c?
11
Let z = -2 + 4. Suppose -2*d + b = -z*b + 1, -60 = -5*d - 5*b. What are the prime factors of d?
7
Let n(c) be the second derivative of 0 - 7/6*c**3 - 2*c + 5*c**2 + 1/12*c**4. What are the prime factors of n(7)?
2, 5
Let v(d) = -6*d**3 - 2*d**2 - d. Let g be v(-1). Suppose 4*c - 12 = -0*c - 2*z, 0 = -g*c + 5*z + 15. Suppose 2*b + 17 = c*b. List the prime factors of b.
17
Let d(j) be the third derivative of j**4/12 + j**3/3 - j**2. What are the prime factors of d(2)?
2, 3
Let f(p) = -p**3 - p**2 + p. Let z be f(-2). Suppose 0 = -o - z + 10. What are the prime factors of o?
2
Let i(u) = -8*u - 59. What are the prime factor